{"id":705,"date":"2019-04-14T17:58:34","date_gmt":"2019-04-14T15:58:34","guid":{"rendered":"http:\/\/physioaktiv-duisburg.de\/?page_id=705"},"modified":"2022-02-13T12:50:20","modified_gmt":"2022-02-13T11:50:20","slug":"stellenangebot","status":"publish","type":"page","link":"https:\/\/physioaktiv-schmieding.de\/?page_id=705","title":{"rendered":"Stellenangebot"},"content":{"rendered":"<h2 style=\"text-align: left;\"><span style=\"color: #ff0000;\"><strong><span style=\"font-size: medium;\">Wir suchen Physiotherapeuten (m\/w\/d) zur Unterst\u00fctzung unseres Teams<\/span><\/strong><\/span><b><\/b><\/h2>\n<ul>\n<li><strong><span style=\"color: #0000ff;\">Die Arbeitszeit ist flexibel in Teil- ,Vollzeit oder auf Minijob-Basis gestaltbar<\/span><\/strong><\/li>\n<li><span style=\"color: #0000ff;\"><strong>Gerne auch Berufsanf\u00e4nger oder Wiedereinsteiger<\/strong><\/span><\/li>\n<li><strong><span style=\"color: #0000ff;\"><span style=\"color: #0000ff;\">F\u00fcr Hausbesuche steht ein Firmenwagen zur Verf\u00fcgung<\/span><\/span><\/strong><\/li>\n<li><strong><span style=\"color: #0000ff;\"><span style=\"color: #0000ff;\">Fort- und Weiterbildungen werden von uns unterst\u00fctzt<\/span><\/span><\/strong><\/li>\n<\/ul>\n<p><strong>Sollten wir Ihr Interesse geweckt haben, melden Sie sich telefonisch unter 0203 463300.<\/strong><\/p>\n\n\n<p> <\/p>\n","protected":false},"excerpt":{"rendered":"<p>Wir suchen Physiotherapeuten (m\/w\/d) zur Unterst\u00fctzung unseres Teams Die Arbeitszeit ist flexibel in Teil- ,Vollzeit oder auf Minijob-Basis gestaltbar Gerne auch Berufsanf\u00e4nger oder Wiedereinsteiger F\u00fcr Hausbesuche steht ein Firmenwagen zur Verf\u00fcgung Fort- und Weiterbildungen werden von uns unterst\u00fctzt Sollten wir &hellip; <a href=\"https:\/\/physioaktiv-schmieding.de\/?page_id=705\">Weiterlesen <span class=\"meta-nav\">&rarr;<\/span><\/a><\/p>\n","protected":false},"author":1,"featured_media":0,"parent":0,"menu_order":0,"comment_status":"closed","ping_status":"closed","template":"","meta":{"footnotes":""},"class_list":["post-705","page","type-page","status-publish","hentry"],"_links":{"self":[{"href":"https:\/\/physioaktiv-schmieding.de\/index.php?rest_route=\/wp\/v2\/pages\/705","targetHints":{"allow":["GET"]}}],"collection":[{"href":"https:\/\/physioaktiv-schmieding.de\/index.php?rest_route=\/wp\/v2\/pages"}],"about":[{"href":"https:\/\/physioaktiv-schmieding.de\/index.php?rest_route=\/wp\/v2\/types\/page"}],"author":[{"embeddable":true,"href":"https:\/\/physioaktiv-schmieding.de\/index.php?rest_route=\/wp\/v2\/users\/1"}],"replies":[{"embeddable":true,"href":"https:\/\/physioaktiv-schmieding.de\/index.php?rest_route=%2Fwp%2Fv2%2Fcomments&post=705"}],"version-history":[{"count":14,"href":"https:\/\/physioaktiv-schmieding.de\/index.php?rest_route=\/wp\/v2\/pages\/705\/revisions"}],"predecessor-version":[{"id":1266,"href":"https:\/\/physioaktiv-schmieding.de\/index.php?rest_route=\/wp\/v2\/pages\/705\/revisions\/1266"}],"wp:attachment":[{"href":"https:\/\/physioaktiv-schmieding.de\/index.php?rest_route=%2Fwp%2Fv2%2Fmedia&parent=705"}],"curies":[{"name":"wp","href":"https:\/\/api.w.org\/{rel}","templated":true}]}}