{"id":503,"date":"2016-05-31T10:17:45","date_gmt":"2016-05-31T08:17:45","guid":{"rendered":"http:\/\/physioaktiv-duisburg.de\/?page_id=503"},"modified":"2020-08-18T20:39:25","modified_gmt":"2020-08-18T18:39:25","slug":"ganzheitliche-behandlung","status":"publish","type":"page","link":"https:\/\/physioaktiv-schmieding.de\/?page_id=503","title":{"rendered":"Ganzheitliche Behandlung"},"content":{"rendered":"<p><a href=\"https:\/\/physioaktiv-schmieding.de\/wp-content\/uploads\/2016\/05\/Korper1.jpg\" rel=\"attachment wp-att-510\"><img loading=\"lazy\" decoding=\"async\" class=\"size-thumbnail wp-image-510 alignright\" src=\"https:\/\/physioaktiv-schmieding.de\/wp-content\/uploads\/2016\/05\/Korper1-150x150.jpg\" alt=\"Korper1\" width=\"150\" height=\"150\" \/><\/a><\/p>\n<p><strong><span style=\"color: #000000;\">Das Prinzip:<\/span> <\/strong><em><strong>\u00a0<span style=\"color: #ff0000;\">K\u00f6rper, Seele und Geist sind eine Einheit!<\/span><\/strong><\/em><\/p>\n<p>Sie kommen mit den verschiedensten k\u00f6rperlichen Beschwerden wie Kopfschmerz, R\u00fccken- oder Gliederschmerzen, Verdauungs- oder Atemproblemen in unsere Praxis.<\/p>\n<p><em>Schmerzen und Bewegungseinschr\u00e4nkungen sind immer ein Warnsignal des K\u00f6rpers.<\/em><\/p>\n<p>Wir nehmen uns die Zeit f\u00fcr eine ausf\u00fchrliche Anamnese, Inspektion, Palpation und Funktionspr\u00fcfung der K\u00f6rperabschnitte.<\/p>\n<p>Oft sind die Stellen der Symptome nicht Ort oder Grund der Ursache ihrer Beschwerden.<\/p>\n<p>Die ganzheitliche Ausrichtung hilft auch \u201eversteckte\u201c Probleme aufzusp\u00fcren.<\/p>\n<p>Manchmal liegt die Ursache auch an dem t\u00e4glichen Stress dem wir ausgesetzt sind.<\/p>\n<p>Mit den uns zur Verf\u00fcgung stehenden Therapieformen versuchen wir die Strukturen so zu behandeln, dass sie ihre Funktionen besser aus\u00fcben k\u00f6nnen und die Selbstheilungskr\u00e4fte aktiviert werden.<\/p>\n<p>Unser Ziel ist es, dass Sie sich nach der Behandlung \u00a0wohler f\u00fchlen und alle t\u00e4glichen Anforderungen besser meistern k\u00f6nnen!<\/p>\n<p>Bitte nehmen Sie sich f\u00fcr die Behandlung ca. 1 Stunde Zeit!<\/p>\n<p><a href=\"https:\/\/physioaktiv-schmieding.de\/wp-content\/uploads\/2016\/05\/34562.jpg\" rel=\"attachment wp-att-513\"><img loading=\"lazy\" decoding=\"async\" class=\"size-thumbnail wp-image-513 alignleft\" src=\"https:\/\/physioaktiv-schmieding.de\/wp-content\/uploads\/2016\/05\/34562-150x150.jpg\" alt=\"34562\" width=\"150\" height=\"150\" srcset=\"https:\/\/physioaktiv-schmieding.de\/wp-content\/uploads\/2016\/05\/34562-150x150.jpg 150w, https:\/\/physioaktiv-schmieding.de\/wp-content\/uploads\/2016\/05\/34562-300x300.jpg 300w, https:\/\/physioaktiv-schmieding.de\/wp-content\/uploads\/2016\/05\/34562.jpg 350w\" sizes=\"auto, (max-width: 150px) 100vw, 150px\" \/><\/a><\/p>\n<p><span style=\"color: #ff0000;\"><strong><em>Bitte beachten Sie:<\/em> <\/strong><\/span><\/p>\n<p><strong><em>Bei unseren physiotherapeutischen Befunden handelt es sich um eine ausf\u00fchrliche und gr\u00fcndliche Auswertung Ihres k\u00f6rperlichen Zustandes aus Sicht des Heilpraktikers (Physiotherapie).<\/em><\/strong><\/p>\n<p><strong><em>Keinesfalls ist unser physiotherapeutischer Befund ein Ersatz f\u00fcr\u00a0 \u00a0 \u00a0 \u00a0 \u00a0 \u00a0 \u00a0 \u00a0 \u00a0 \u00a0 \u00a0 \u00a0 \u00a0 \u00a0 \u00a0 \u00a0 \u00a0 \u00a0 \u00a0 \u00a0 \u00a0 \u00a0 \u00a0 \u00a0 \u00a0 \u00a0 \u00a0 eine \u00e4rztliche Untersuchung.<\/em><\/strong><\/p>\n","protected":false},"excerpt":{"rendered":"<p>Das Prinzip: \u00a0K\u00f6rper, Seele und Geist sind eine Einheit! Sie kommen mit den verschiedensten k\u00f6rperlichen Beschwerden wie Kopfschmerz, R\u00fccken- oder Gliederschmerzen, Verdauungs- oder Atemproblemen in unsere Praxis. Schmerzen und Bewegungseinschr\u00e4nkungen sind immer ein Warnsignal des K\u00f6rpers. Wir nehmen uns die &hellip; <a href=\"https:\/\/physioaktiv-schmieding.de\/?page_id=503\">Weiterlesen <span class=\"meta-nav\">&rarr;<\/span><\/a><\/p>\n","protected":false},"author":1,"featured_media":0,"parent":0,"menu_order":0,"comment_status":"closed","ping_status":"closed","template":"","meta":{"footnotes":""},"class_list":["post-503","page","type-page","status-publish","hentry"],"_links":{"self":[{"href":"https:\/\/physioaktiv-schmieding.de\/index.php?rest_route=\/wp\/v2\/pages\/503","targetHints":{"allow":["GET"]}}],"collection":[{"href":"https:\/\/physioaktiv-schmieding.de\/index.php?rest_route=\/wp\/v2\/pages"}],"about":[{"href":"https:\/\/physioaktiv-schmieding.de\/index.php?rest_route=\/wp\/v2\/types\/page"}],"author":[{"embeddable":true,"href":"https:\/\/physioaktiv-schmieding.de\/index.php?rest_route=\/wp\/v2\/users\/1"}],"replies":[{"embeddable":true,"href":"https:\/\/physioaktiv-schmieding.de\/index.php?rest_route=%2Fwp%2Fv2%2Fcomments&post=503"}],"version-history":[{"count":12,"href":"https:\/\/physioaktiv-schmieding.de\/index.php?rest_route=\/wp\/v2\/pages\/503\/revisions"}],"predecessor-version":[{"id":1052,"href":"https:\/\/physioaktiv-schmieding.de\/index.php?rest_route=\/wp\/v2\/pages\/503\/revisions\/1052"}],"wp:attachment":[{"href":"https:\/\/physioaktiv-schmieding.de\/index.php?rest_route=%2Fwp%2Fv2%2Fmedia&parent=503"}],"curies":[{"name":"wp","href":"https:\/\/api.w.org\/{rel}","templated":true}]}}