{"id":1159,"date":"2020-08-19T13:22:02","date_gmt":"2020-08-19T11:22:02","guid":{"rendered":"https:\/\/physioaktiv-schmieding.de\/?page_id=1159"},"modified":"2020-08-19T13:22:02","modified_gmt":"2020-08-19T11:22:02","slug":"atemtherapie","status":"publish","type":"page","link":"https:\/\/physioaktiv-schmieding.de\/?page_id=1159","title":{"rendered":"Atemtherapie"},"content":{"rendered":"\n<figure class=\"wp-block-gallery aligncenter columns-1 is-cropped wp-block-gallery-1 is-layout-flex wp-block-gallery-is-layout-flex\"><ul class=\"blocks-gallery-grid\"><li class=\"blocks-gallery-item\"><figure><img loading=\"lazy\" decoding=\"async\" width=\"1024\" height=\"489\" src=\"https:\/\/physioaktiv-schmieding.de\/wp-content\/uploads\/2020\/08\/Atem-1024x489.jpg\" alt=\"\" data-id=\"1160\" data-full-url=\"https:\/\/physioaktiv-schmieding.de\/wp-content\/uploads\/2020\/08\/Atem.jpg\" data-link=\"https:\/\/physioaktiv-schmieding.de\/?attachment_id=1160\" class=\"wp-image-1160\" srcset=\"https:\/\/physioaktiv-schmieding.de\/wp-content\/uploads\/2020\/08\/Atem-1024x489.jpg 1024w, https:\/\/physioaktiv-schmieding.de\/wp-content\/uploads\/2020\/08\/Atem-300x143.jpg 300w, https:\/\/physioaktiv-schmieding.de\/wp-content\/uploads\/2020\/08\/Atem-768x367.jpg 768w, https:\/\/physioaktiv-schmieding.de\/wp-content\/uploads\/2020\/08\/Atem.jpg 1136w\" sizes=\"auto, (max-width: 1024px) 100vw, 1024px\" \/><\/figure><\/li><\/ul><\/figure>\n\n\n\n<p class=\"has-medium-font-size\">Als Atemtherapie oder auch Atemgymnastik bezeichnet man einen Bereich der Physiotherapie. Durch verschiedene Techniken soll dem Patienten das Atmen erleichtert werden \u2013 dazu geh\u00f6ren eine St\u00e4rkung der Atemmuskulatur oder eine bestimmte K\u00f6rperhaltung. Richtig atmen beinhaltet auch, dass der Patient seine K\u00f6rperwahrnehmung verbessert. Schwangere nutzen die Atemtherapie deshalb auch gerne bei der Geburtsvorbereitung.<\/p>\n\n\n\n<p class=\"has-medium-font-size\">Beschwerden, die eine physiotherapeutisch angeleitete Atemtherapie notwendig machen, sind anfallsartige oder dauerhafte Atemnot, Auswurf, Husten und Atemfunktionsst\u00f6rungen.<\/p>\n\n\n\n<p class=\"has-medium-font-size\"><strong>Diese treten zum Beispiel im Rahmen von folgenden Krankheitsbildern auf:<\/strong><\/p>\n\n\n\n<ol class=\"wp-block-list\"><li><strong>Chronisch obstruktive Bronchitis und COPD (chronic obstructive pulmonary disease)<\/strong><\/li><li><strong>Asthma<\/strong><\/li><li><strong>Pneumonie<\/strong><\/li><li><strong>Lungenfibrose<\/strong><\/li><li><strong>Cystische Fibrose (Mukoviszidose)<\/strong><\/li><li><strong>Operationen oder Traumata im Thoraxbereich<\/strong><\/li><li><strong>L\u00e4hmungserkrankungen (zum Beispiel Querschnittsl\u00e4hmung, multiple Sklerose)<\/strong><\/li><\/ol>\n\n\n\n<p class=\"has-medium-font-size\">Welche Methoden im Einzelfall richtig sind, entscheidet der Atemtherapeut in Abh\u00e4ngigkeit der&nbsp;gew\u00fcnschten Ziele. Grunds\u00e4tzlich werden alle \u00dcbungen zuerst vom Therapeuten beschrieben und eventuell vorgef\u00fchrt. Der Patient macht die \u00dcbung nach, wobei der Therapeut bei Bedarf unterst\u00fctzt.<\/p>\n","protected":false},"excerpt":{"rendered":"<p>Als Atemtherapie oder auch Atemgymnastik bezeichnet man einen Bereich der Physiotherapie. Durch verschiedene Techniken soll dem Patienten das Atmen erleichtert werden \u2013 dazu geh\u00f6ren eine St\u00e4rkung der Atemmuskulatur oder eine bestimmte K\u00f6rperhaltung. Richtig atmen beinhaltet auch, dass der Patient seine &hellip; <a href=\"https:\/\/physioaktiv-schmieding.de\/?page_id=1159\">Weiterlesen <span class=\"meta-nav\">&rarr;<\/span><\/a><\/p>\n","protected":false},"author":1,"featured_media":0,"parent":0,"menu_order":0,"comment_status":"closed","ping_status":"closed","template":"","meta":{"footnotes":""},"class_list":["post-1159","page","type-page","status-publish","hentry"],"_links":{"self":[{"href":"https:\/\/physioaktiv-schmieding.de\/index.php?rest_route=\/wp\/v2\/pages\/1159","targetHints":{"allow":["GET"]}}],"collection":[{"href":"https:\/\/physioaktiv-schmieding.de\/index.php?rest_route=\/wp\/v2\/pages"}],"about":[{"href":"https:\/\/physioaktiv-schmieding.de\/index.php?rest_route=\/wp\/v2\/types\/page"}],"author":[{"embeddable":true,"href":"https:\/\/physioaktiv-schmieding.de\/index.php?rest_route=\/wp\/v2\/users\/1"}],"replies":[{"embeddable":true,"href":"https:\/\/physioaktiv-schmieding.de\/index.php?rest_route=%2Fwp%2Fv2%2Fcomments&post=1159"}],"version-history":[{"count":1,"href":"https:\/\/physioaktiv-schmieding.de\/index.php?rest_route=\/wp\/v2\/pages\/1159\/revisions"}],"predecessor-version":[{"id":1161,"href":"https:\/\/physioaktiv-schmieding.de\/index.php?rest_route=\/wp\/v2\/pages\/1159\/revisions\/1161"}],"wp:attachment":[{"href":"https:\/\/physioaktiv-schmieding.de\/index.php?rest_route=%2Fwp%2Fv2%2Fmedia&parent=1159"}],"curies":[{"name":"wp","href":"https:\/\/api.w.org\/{rel}","templated":true}]}}