{"id":1155,"date":"2020-08-19T13:19:47","date_gmt":"2020-08-19T11:19:47","guid":{"rendered":"https:\/\/physioaktiv-schmieding.de\/?page_id=1155"},"modified":"2020-08-19T13:19:47","modified_gmt":"2020-08-19T11:19:47","slug":"kopfschmerz-und-migraenetherapie","status":"publish","type":"page","link":"https:\/\/physioaktiv-schmieding.de\/?page_id=1155","title":{"rendered":"Kopfschmerz- und Migr\u00e4netherapie"},"content":{"rendered":"\n<figure class=\"wp-block-gallery aligncenter columns-1 is-cropped wp-block-gallery-1 is-layout-flex wp-block-gallery-is-layout-flex\"><ul class=\"blocks-gallery-grid\"><li class=\"blocks-gallery-item\"><figure><img loading=\"lazy\" decoding=\"async\" width=\"462\" height=\"249\" src=\"https:\/\/physioaktiv-schmieding.de\/wp-content\/uploads\/2020\/08\/Kopf.jpg\" alt=\"\" data-id=\"1156\" data-full-url=\"https:\/\/physioaktiv-schmieding.de\/wp-content\/uploads\/2020\/08\/Kopf.jpg\" data-link=\"https:\/\/physioaktiv-schmieding.de\/?attachment_id=1156\" class=\"wp-image-1156\" srcset=\"https:\/\/physioaktiv-schmieding.de\/wp-content\/uploads\/2020\/08\/Kopf.jpg 462w, https:\/\/physioaktiv-schmieding.de\/wp-content\/uploads\/2020\/08\/Kopf-300x162.jpg 300w\" sizes=\"auto, (max-width: 462px) 100vw, 462px\" \/><\/figure><\/li><\/ul><\/figure>\n\n\n\n<p class=\"has-medium-font-size\"><strong>Folgende Schmerztypen k\u00f6nnen behandelt werden:<\/strong><\/p>\n\n\n\n<p class=\"has-medium-font-size\">\u2022&nbsp; Migr\u00e4ne mit und ohne Aura oder \u00dcbelkeit<\/p>\n\n\n\n<p class=\"has-medium-font-size\">\u2022&nbsp; Spannungskopfschmerzen<\/p>\n\n\n\n<p class=\"has-medium-font-size\">\u2022&nbsp; Clusterkopfschmerz<\/p>\n\n\n\n<p class=\"has-medium-font-size\">\u2022&nbsp; Posttraumatischer Kopfschmerz<\/p>\n\n\n\n<p class=\"has-medium-font-size\">\u2022&nbsp; Kopfschmerz nach Schleudertrauma<\/p>\n\n\n\n<p class=\"has-medium-font-size\"><strong>Die Therapie beinhaltet folgende Elemente:<\/strong><\/p>\n\n\n\n<p class=\"has-medium-font-size\">Behandlung mit Spezialgriffen. Verspannungen werden gel\u00f6st, der Schmerzkreislauf durchbrochen und das Schmerzged\u00e4chtnis durch positive Empfindungen ersetzt.<\/p>\n\n\n\n<p class=\"has-medium-font-size\">Bewegungstraining &#8211; Bewegung ist die L\u00f6sung! Wir zeigen Ihnen spezielle \u00dcbungen zur Verbesserung der Beweglichkeit der Halswirbels\u00e4ule. Entspannungstraining &#8211; Gesundheit beginnt im Kopf! <\/p>\n\n\n\n<p class=\"has-medium-font-size\"><strong>Wir \u00fcben z.B. Entspannungstechniken mit Ihnen ein.<\/strong><\/p>\n","protected":false},"excerpt":{"rendered":"<p>Folgende Schmerztypen k\u00f6nnen behandelt werden: \u2022&nbsp; Migr\u00e4ne mit und ohne Aura oder \u00dcbelkeit \u2022&nbsp; Spannungskopfschmerzen \u2022&nbsp; Clusterkopfschmerz \u2022&nbsp; Posttraumatischer Kopfschmerz \u2022&nbsp; Kopfschmerz nach Schleudertrauma Die Therapie beinhaltet folgende Elemente: Behandlung mit Spezialgriffen. Verspannungen werden gel\u00f6st, der Schmerzkreislauf durchbrochen und das &hellip; <a href=\"https:\/\/physioaktiv-schmieding.de\/?page_id=1155\">Weiterlesen <span class=\"meta-nav\">&rarr;<\/span><\/a><\/p>\n","protected":false},"author":1,"featured_media":0,"parent":0,"menu_order":0,"comment_status":"closed","ping_status":"closed","template":"","meta":{"footnotes":""},"class_list":["post-1155","page","type-page","status-publish","hentry"],"_links":{"self":[{"href":"https:\/\/physioaktiv-schmieding.de\/index.php?rest_route=\/wp\/v2\/pages\/1155","targetHints":{"allow":["GET"]}}],"collection":[{"href":"https:\/\/physioaktiv-schmieding.de\/index.php?rest_route=\/wp\/v2\/pages"}],"about":[{"href":"https:\/\/physioaktiv-schmieding.de\/index.php?rest_route=\/wp\/v2\/types\/page"}],"author":[{"embeddable":true,"href":"https:\/\/physioaktiv-schmieding.de\/index.php?rest_route=\/wp\/v2\/users\/1"}],"replies":[{"embeddable":true,"href":"https:\/\/physioaktiv-schmieding.de\/index.php?rest_route=%2Fwp%2Fv2%2Fcomments&post=1155"}],"version-history":[{"count":1,"href":"https:\/\/physioaktiv-schmieding.de\/index.php?rest_route=\/wp\/v2\/pages\/1155\/revisions"}],"predecessor-version":[{"id":1157,"href":"https:\/\/physioaktiv-schmieding.de\/index.php?rest_route=\/wp\/v2\/pages\/1155\/revisions\/1157"}],"wp:attachment":[{"href":"https:\/\/physioaktiv-schmieding.de\/index.php?rest_route=%2Fwp%2Fv2%2Fmedia&parent=1155"}],"curies":[{"name":"wp","href":"https:\/\/api.w.org\/{rel}","templated":true}]}}